{"id":48,"date":"2019-10-29T12:24:46","date_gmt":"2019-10-29T12:24:46","guid":{"rendered":"https:\/\/locservex.com.br\/?page_id=48"},"modified":"2019-10-30T18:28:48","modified_gmt":"2019-10-30T18:28:48","slug":"contato","status":"publish","type":"page","link":"https:\/\/locservex.com.br\/index.php\/contato\/","title":{"rendered":"Contato"},"content":{"rendered":"\n<p><strong>Preencha o formul\u00e1rio abaixo que um de nossos consultores entrar\u00e1 em contato para melhor atend\u00ea-lo.<\/strong><\/p>\n\n\n\n<p>\n\n[ninja_form id=2]\n\n<\/p>\n","protected":false},"excerpt":{"rendered":"<p>Preencha o formul\u00e1rio abaixo que um de nossos consultores entrar\u00e1 em contato para melhor atend\u00ea-lo. [ninja_form id=2]<\/p>\n","protected":false},"author":1,"featured_media":0,"parent":0,"menu_order":0,"comment_status":"closed","ping_status":"closed","template":"fullwidth.php","meta":{"footnotes":""},"_links":{"self":[{"href":"https:\/\/locservex.com.br\/index.php\/wp-json\/wp\/v2\/pages\/48"}],"collection":[{"href":"https:\/\/locservex.com.br\/index.php\/wp-json\/wp\/v2\/pages"}],"about":[{"href":"https:\/\/locservex.com.br\/index.php\/wp-json\/wp\/v2\/types\/page"}],"author":[{"embeddable":true,"href":"https:\/\/locservex.com.br\/index.php\/wp-json\/wp\/v2\/users\/1"}],"replies":[{"embeddable":true,"href":"https:\/\/locservex.com.br\/index.php\/wp-json\/wp\/v2\/comments?post=48"}],"version-history":[{"count":6,"href":"https:\/\/locservex.com.br\/index.php\/wp-json\/wp\/v2\/pages\/48\/revisions"}],"predecessor-version":[{"id":201,"href":"https:\/\/locservex.com.br\/index.php\/wp-json\/wp\/v2\/pages\/48\/revisions\/201"}],"wp:attachment":[{"href":"https:\/\/locservex.com.br\/index.php\/wp-json\/wp\/v2\/media?parent=48"}],"curies":[{"name":"wp","href":"https:\/\/api.w.org\/{rel}","templated":true}]}}