{"id":58,"date":"2019-10-29T12:26:19","date_gmt":"2019-10-29T12:26:19","guid":{"rendered":"https:\/\/locservex.com.br\/?page_id=58"},"modified":"2020-02-12T13:30:36","modified_gmt":"2020-02-12T13:30:36","slug":"equipe","status":"publish","type":"page","link":"https:\/\/locservex.com.br\/index.php\/equipe\/","title":{"rendered":"Equipe"},"content":{"rendered":"\n<h2 class=\"wp-block-heading\"><font color=\"black\">Nossa Equipe<\/font><\/h2>\n\n\n\n<p><\/p>\n\n\n\n<p>A empresa conta com profissionais altamente qualificados e experientes na \u00e1rea de perfura\u00e7\u00e3o para explora\u00e7\u00e3o geol\u00f3gica e geot\u00e9cnica; com know how de boas pr\u00e1ticas para o desenvolvimento bem sucedido das atividades.<br>\nEngenheiros, Supervisores de sondagem, sondadores, auxiliares de sondagem, mec\u00e2nicos e motoristas com experi\u00eancia comprovada em campanhas de perfura\u00e7\u00e3o realizadas no Brasil.<\/p>\n\n\n\n<ul class=\"wp-block-gallery columns-2 is-cropped wp-block-gallery-1 is-layout-flex wp-block-gallery-is-layout-flex\"><li class=\"blocks-gallery-item\"><figure><img loading=\"lazy\" decoding=\"async\" width=\"800\" height=\"600\" src=\"https:\/\/locservex.com.br\/wp-content\/uploads\/2019\/10\/IMG_4751.jpg\" alt=\"\" data-id=\"140\" data-link=\"https:\/\/locservex.com.br\/index.php\/equipe\/img_4751\/\" class=\"wp-image-140\" srcset=\"https:\/\/locservex.com.br\/wp-content\/uploads\/2019\/10\/IMG_4751.jpg 800w, https:\/\/locservex.com.br\/wp-content\/uploads\/2019\/10\/IMG_4751-300x225.jpg 300w, https:\/\/locservex.com.br\/wp-content\/uploads\/2019\/10\/IMG_4751-768x576.jpg 768w\" sizes=\"(max-width: 800px) 100vw, 800px\" \/><\/figure><\/li><li class=\"blocks-gallery-item\"><figure><img loading=\"lazy\" decoding=\"async\" width=\"1024\" height=\"576\" src=\"https:\/\/locservex.com.br\/wp-content\/uploads\/2020\/02\/20170519_115349-1024x576.jpg\" alt=\"\" data-id=\"209\" data-link=\"https:\/\/locservex.com.br\/index.php\/equipe\/20170519_115349\/\" class=\"wp-image-209\" srcset=\"https:\/\/locservex.com.br\/wp-content\/uploads\/2020\/02\/20170519_115349-1024x576.jpg 1024w, https:\/\/locservex.com.br\/wp-content\/uploads\/2020\/02\/20170519_115349-300x169.jpg 300w, https:\/\/locservex.com.br\/wp-content\/uploads\/2020\/02\/20170519_115349-768x432.jpg 768w\" sizes=\"(max-width: 1024px) 100vw, 1024px\" \/><\/figure><\/li><\/ul>\n","protected":false},"excerpt":{"rendered":"<p>Nossa Equipe A empresa conta com profissionais altamente qualificados e experientes na \u00e1rea de perfura\u00e7\u00e3o para explora\u00e7\u00e3o geol\u00f3gica e geot\u00e9cnica; com know how de boas pr\u00e1ticas para o desenvolvimento bem sucedido das atividades. Engenheiros, Supervisores de sondagem, sondadores, auxiliares de sondagem, mec\u00e2nicos e motoristas com experi\u00eancia comprovada em campanhas de perfura\u00e7\u00e3o realizadas no Brasil.<\/p>\n","protected":false},"author":1,"featured_media":0,"parent":0,"menu_order":0,"comment_status":"closed","ping_status":"closed","template":"fullwidth.php","meta":{"footnotes":""},"_links":{"self":[{"href":"https:\/\/locservex.com.br\/index.php\/wp-json\/wp\/v2\/pages\/58"}],"collection":[{"href":"https:\/\/locservex.com.br\/index.php\/wp-json\/wp\/v2\/pages"}],"about":[{"href":"https:\/\/locservex.com.br\/index.php\/wp-json\/wp\/v2\/types\/page"}],"author":[{"embeddable":true,"href":"https:\/\/locservex.com.br\/index.php\/wp-json\/wp\/v2\/users\/1"}],"replies":[{"embeddable":true,"href":"https:\/\/locservex.com.br\/index.php\/wp-json\/wp\/v2\/comments?post=58"}],"version-history":[{"count":6,"href":"https:\/\/locservex.com.br\/index.php\/wp-json\/wp\/v2\/pages\/58\/revisions"}],"predecessor-version":[{"id":210,"href":"https:\/\/locservex.com.br\/index.php\/wp-json\/wp\/v2\/pages\/58\/revisions\/210"}],"wp:attachment":[{"href":"https:\/\/locservex.com.br\/index.php\/wp-json\/wp\/v2\/media?parent=58"}],"curies":[{"name":"wp","href":"https:\/\/api.w.org\/{rel}","templated":true}]}}